{"id":20,"date":"2024-04-16T10:27:21","date_gmt":"2024-04-16T10:27:21","guid":{"rendered":"http:\/\/hassotoene.de\/?page_id=20"},"modified":"2024-05-19T20:43:50","modified_gmt":"2024-05-19T20:43:50","slug":"die-mundstueckbuerste","status":"publish","type":"page","link":"https:\/\/slide-o-mix.com\/?page_id=20","title":{"rendered":"Die Mundst\u00fcckb\u00fcrste"},"content":{"rendered":"\n<div class=\"wp-block-media-text alignwide is-stacked-on-mobile\" style=\"grid-template-columns:19% auto\"><figure class=\"wp-block-media-text__media\"><img loading=\"lazy\" decoding=\"async\" width=\"1024\" height=\"996\" src=\"http:\/\/hassotoene.de\/wp-content\/uploads\/2024\/05\/Bildschirmfoto-2024-05-19-um-21.42.44-1024x996.png\" alt=\"\" class=\"wp-image-283 size-full\" srcset=\"https:\/\/slide-o-mix.com\/wp-content\/uploads\/2024\/05\/Bildschirmfoto-2024-05-19-um-21.42.44-1024x996.png 1024w, https:\/\/slide-o-mix.com\/wp-content\/uploads\/2024\/05\/Bildschirmfoto-2024-05-19-um-21.42.44-300x292.png 300w, https:\/\/slide-o-mix.com\/wp-content\/uploads\/2024\/05\/Bildschirmfoto-2024-05-19-um-21.42.44-768x747.png 768w, https:\/\/slide-o-mix.com\/wp-content\/uploads\/2024\/05\/Bildschirmfoto-2024-05-19-um-21.42.44.png 1036w\" sizes=\"auto, (max-width: 1024px) 100vw, 1024px\" \/><\/figure><div class=\"wp-block-media-text__content\">\n<h2 class=\"wp-block-heading has-text-align-left has-contrast-color has-text-color has-link-color wp-elements-60154b83d9d23232c08010c14c6db61f\">Die Slide-O-Mix<\/h2>\n\n\n\n<h2 class=\"wp-block-heading has-text-align-left\"><strong>Mundst\u00fcckb\u00fcrste<\/strong><\/h2>\n<\/div><\/div>\n\n\n\n<p class=\"has-contrast-color has-text-color has-link-color wp-elements-7c612d7bf9caf04bf9b9fcb87a834445\">Diese konisch geformte B\u00fcrste ist f\u00fcr die Reinigung vieler Arten von Kesselmundst\u00fccken geeignet.<\/p>\n\n\n\n<div style=\"height:90px\" aria-hidden=\"true\" class=\"wp-block-spacer\"><\/div>\n","protected":false},"excerpt":{"rendered":"<p>Die Slide-O-Mix Mundst\u00fcckb\u00fcrste Diese konisch geformte B\u00fcrste ist f\u00fcr die Reinigung vieler Arten von Kesselmundst\u00fccken geeignet.<\/p>\n","protected":false},"author":1,"featured_media":0,"parent":26,"menu_order":0,"comment_status":"closed","ping_status":"closed","template":"","meta":{"footnotes":""},"class_list":["post-20","page","type-page","status-publish","hentry"],"_links":{"self":[{"href":"https:\/\/slide-o-mix.com\/index.php?rest_route=\/wp\/v2\/pages\/20","targetHints":{"allow":["GET"]}}],"collection":[{"href":"https:\/\/slide-o-mix.com\/index.php?rest_route=\/wp\/v2\/pages"}],"about":[{"href":"https:\/\/slide-o-mix.com\/index.php?rest_route=\/wp\/v2\/types\/page"}],"author":[{"embeddable":true,"href":"https:\/\/slide-o-mix.com\/index.php?rest_route=\/wp\/v2\/users\/1"}],"replies":[{"embeddable":true,"href":"https:\/\/slide-o-mix.com\/index.php?rest_route=%2Fwp%2Fv2%2Fcomments&post=20"}],"version-history":[{"count":4,"href":"https:\/\/slide-o-mix.com\/index.php?rest_route=\/wp\/v2\/pages\/20\/revisions"}],"predecessor-version":[{"id":329,"href":"https:\/\/slide-o-mix.com\/index.php?rest_route=\/wp\/v2\/pages\/20\/revisions\/329"}],"up":[{"embeddable":true,"href":"https:\/\/slide-o-mix.com\/index.php?rest_route=\/wp\/v2\/pages\/26"}],"wp:attachment":[{"href":"https:\/\/slide-o-mix.com\/index.php?rest_route=%2Fwp%2Fv2%2Fmedia&parent=20"}],"curies":[{"name":"wp","href":"https:\/\/api.w.org\/{rel}","templated":true}]}}